{"id":21,"date":"2024-01-22T13:30:24","date_gmt":"2024-01-22T12:30:24","guid":{"rendered":"https:\/\/bodegasramonsaenz.com\/latienda\/?post_type=product&#038;p=21"},"modified":"2026-05-08T09:51:48","modified_gmt":"2026-05-08T07:51:48","slug":"ramon-saenz-pequeno-bastion-tinto-ecologico-caja-de-6-botellas-de-75-cl","status":"publish","type":"product","link":"https:\/\/bodegasramonsaenz.com\/latienda\/producto\/ramon-saenz-pequeno-bastion-tinto-ecologico-caja-de-6-botellas-de-75-cl\/","title":{"rendered":"Ram\u00f3n S\u00e1enz, peque\u00f1o basti\u00f3n, tinto ecol\u00f3gico (caja de 6 botellas de 75 cl.)"},"content":{"rendered":"<p>Peque\u00f1o vi\u00f1edo, apenas 1800 m2, rodeado por un muro construido cuan fortaleza con las piedras que se encontraron al preparar el terreno. Arraigados a la tierra alberga en su per\u00edmetro ocho olivos y una higuera que en los \u00faltimos a\u00f1os parecen en peligro de extinci\u00f3n en nuestra zona. Las vides de la variedad tempranillo producen un grano particularmente peque\u00f1o. Por el respeto a la naturaleza.<\/p>\n<p>PARCELAS<br \/>\nUna \u00fanica parcela situada en Ba\u00f1os de Ebro, Rioja Alavesa.<\/p>\n<p>VI\u00d1EDOS<br \/>\nPeque\u00f1a parcela rodeada por un muro, suelo arcillo-calc\u00e1reo. Tama\u00f1o de la baya especialmente peque\u00f1a, en tempranillo generalmente 1,5 gr o inferior.<br \/>\nRendimiento medio de 4000 kg\/Ha.<\/p>\n<p>VITICULTURA<br \/>\nSe practica la agricultura ecol\u00f3gica certificada mediante organismo de control.<\/p>\n<p>VARIEDADES<br \/>\n85% Tempranillo y 15% Garnacha.<\/p>\n<p>VENDIMIA<br \/>\nManual, se transporta la uva en cajas de entre 10 a 15 kg.<\/p>\n<p>ELABORACI\u00d3N<br \/>\n100% despalillado, 60% con maquina y 40% a mano grano a grano. Control de temperatura para mantener la expresi\u00f3n frutal, con pisado y remontado diario.<br \/>\nCriando en barrica de roble franc\u00e9s, tiempo seg\u00fan la a\u00f1ada.<\/p>\n","protected":false},"excerpt":{"rendered":"<p><img loading=\"lazy\" decoding=\"async\" class=\"alignnone wp-image-15\" src=\"https:\/\/bodegasramonsaenz.com\/latienda\/wp-content\/uploads\/2024\/01\/sello-ecologico-300x200-1.png\" alt=\"\" width=\"120\" height=\"80\" \/><\/p>\n<p><strong>A\u00d1ADA 2020 &#8211; VINO ECOL\u00d3GICO &#8211; DESGRANADO &#8211; UNA SOLA PARCELA<\/strong><\/p>\n<p>PARCELAS<br \/>\nUna \u00fanica parcela situada en Ba\u00f1os de Ebro, Rioja Alavesa.<\/p>\n<p>VI\u00d1EDOS<br \/>\nPeque\u00f1a parcela rodeada por un muro, suelo arcillo-calc\u00e1reo. Tama\u00f1o de la baya especialmente peque\u00f1a, en tempranillo generalmente 1,5 gr o inferior.<br \/>\nRendimiento medio de 4000 kg\/Ha.<\/p>\n<p>VITICULTURA<br \/>\nSe practica la agricultura ecol\u00f3gica certificada mediante organismo de control.<\/p>\n<p>VARIEDADES<br \/>\n85% Tempranillo y 15% Garnacha.<\/p>\n<p>VENDIMIA<br \/>\nManual, se transporta la uva en cajas de entre 10 a 15 kg.<\/p>\n<p>ELABORACI\u00d3N<br \/>\n100% despalillado, 60% con maquina y 40% a mano grano a grano. Control de temperatura para mantener la expresi\u00f3n frutal, con pisado y remontado diario.<br \/>\nCriando en barrica de roble franc\u00e9s, tiempo seg\u00fan la a\u00f1ada.<\/p>\n","protected":false},"featured_media":22,"comment_status":"open","ping_status":"closed","template":"","meta":[],"product_cat":[15],"product_tag":[],"class_list":{"0":"post-21","1":"product","2":"type-product","3":"status-publish","4":"has-post-thumbnail","6":"product_cat-sin-categorizar","8":"first","9":"instock","10":"shipping-taxable","11":"purchasable","12":"product-type-simple"},"_links":{"self":[{"href":"https:\/\/bodegasramonsaenz.com\/latienda\/wp-json\/wp\/v2\/product\/21","targetHints":{"allow":["GET"]}}],"collection":[{"href":"https:\/\/bodegasramonsaenz.com\/latienda\/wp-json\/wp\/v2\/product"}],"about":[{"href":"https:\/\/bodegasramonsaenz.com\/latienda\/wp-json\/wp\/v2\/types\/product"}],"replies":[{"embeddable":true,"href":"https:\/\/bodegasramonsaenz.com\/latienda\/wp-json\/wp\/v2\/comments?post=21"}],"wp:featuredmedia":[{"embeddable":true,"href":"https:\/\/bodegasramonsaenz.com\/latienda\/wp-json\/wp\/v2\/media\/22"}],"wp:attachment":[{"href":"https:\/\/bodegasramonsaenz.com\/latienda\/wp-json\/wp\/v2\/media?parent=21"}],"wp:term":[{"taxonomy":"product_cat","embeddable":true,"href":"https:\/\/bodegasramonsaenz.com\/latienda\/wp-json\/wp\/v2\/product_cat?post=21"},{"taxonomy":"product_tag","embeddable":true,"href":"https:\/\/bodegasramonsaenz.com\/latienda\/wp-json\/wp\/v2\/product_tag?post=21"}],"curies":[{"name":"wp","href":"https:\/\/api.w.org\/{rel}","templated":true}]}}