{"id":3,"date":"2024-01-22T13:16:18","date_gmt":"2024-01-22T12:16:18","guid":{"rendered":"https:\/\/bodegasramonsaenz.com\/latienda\/?page_id=3"},"modified":"2024-01-22T16:29:19","modified_gmt":"2024-01-22T15:29:19","slug":"politica-privacidad","status":"publish","type":"page","link":"https:\/\/bodegasramonsaenz.com\/latienda\/politica-privacidad\/","title":{"rendered":"Pol\u00edtica de privacidad"},"content":{"rendered":"\n<h2 class=\"wp-block-heading\">TRATAMIENTOS DE DATOS PERSONALES<\/h2>\n\n\n\n<p>La direcci\u00f3n de nuestra web es: https:\/\/bodegasramonsaenz.com\/latienda.<\/p>\n\n\n\n<h2 class=\"wp-block-heading\">Comentarios<\/h2>\n\n\n\n<p><strong class=\"privacy-policy-tutorial\"><\/strong><\/p>\n\n\n\n<p>La presente Pol\u00edtica de Privacidad establece los t\u00e9rminos en que el propietario de esta web usa y protege la informaci\u00f3n que es proporcionada por sus usuarios al momento de utilizar su sitio web. Esta compa\u00f1\u00eda est\u00e1 comprometida con la seguridad de los datos de sus usuarios. Por ello, hemos tomado medidas t\u00e9cnicas y organizativas adecuadas para evitar la alteraci\u00f3n, p\u00e9rdida, tratamiento o acceso no autorizado a los datos personales que Vd. nos pueda facilitar.<\/p>\n\n\n\n<p>Cuando le pedimos cumplimentar los campos de informaci\u00f3n personal con la cual usted pueda ser identificado, lo hacemos asegurando que s\u00f3lo se emplear\u00e1 de acuerdo con los t\u00e9rminos de este documento. El propietario de esta web se reserva el derecho de cambiar los t\u00e9rminos de la presente Pol\u00edtica de Privacidad en cualquier momento. Cualquier modificaci\u00f3n le ser\u00e1 notificada.<\/p>\n\n\n\n<p>Cuando realice una compra y una vez que se le solicite rellenar un formulario, como el de alta de usuario, estar\u00e1 aceptando enviarnos sus datos que \u00fanicamente se utilizar\u00e1n para procesar su pedido.<\/p>\n\n\n\n<p>Este sitio web puede contener enlaces a otros sitios que pudieran ser de su inter\u00e9s. Una vez que usted de clic en estos enlaces y abandone nuestra p\u00e1gina, ya no tenemos control sobre al sitio al que es redirigido y por lo tanto no somos responsables de los t\u00e9rminos o privacidad ni de la protecci\u00f3n de sus datos en esos otros sitios terceros. Dichos sitios est\u00e1n sujetos a sus propias pol\u00edticas de privacidad por lo cual es recomendable que los consulte para confirmar que usted est\u00e1 de acuerdo con estas.<\/p>\n\n\n\n<p>Nuestro sitio web utiliza cookies propias y de terceros para mejorar su experiencia de navegaci\u00f3n y mostrarle publicidad relacionada con sus preferencias mediante el an\u00e1lisis de sus h\u00e1bitos de navegaci\u00f3n. Si contin\u00faa navegando, consideramos que acepta su uso. Puede obtener m\u00e1s informaci\u00f3n, o bien conocer c\u00f3mo cambiar la configuraci\u00f3n, en nuestra Pol\u00edtica de cookies.<\/p>\n\n\n\n<p>En cumplimiento del deber de transparencia e informaci\u00f3n recogido en la normativa en materia de protecci\u00f3n de datos de car\u00e1cter personal, le informamos de aspectos relevantes sobre los tratamientos de datos que hacemos con los datos de car\u00e1cter personal que Vd. nos facilite a trav\u00e9s de los distintos formularios de nuestro sitio web:<br><br><strong>\u00bfQui\u00e9n es el responsable del tratamiento de sus datos?:<\/strong><br>&nbsp;&nbsp;&nbsp;&nbsp;&nbsp;&nbsp;&nbsp; Ram\u00f3n S\u00e1enz, organic wines &amp; vineyards<br>&nbsp;&nbsp;&nbsp;&nbsp;&nbsp;&nbsp;&nbsp; 16610354F<br>&nbsp;&nbsp;&nbsp;&nbsp;&nbsp;&nbsp;&nbsp; C\/Mayor, 12. 01307 Ba\u00f1os de Ebro<br>&nbsp;&nbsp;&nbsp;&nbsp;&nbsp;&nbsp;&nbsp; Tel\u00e9fono: 945609212<br>&nbsp;&nbsp;&nbsp;&nbsp;&nbsp;&nbsp;&nbsp; Email: bodegasrs@hotmail.com<\/p>\n\n\n\n<p><strong>\u00bfPara qu\u00e9 usamos sus datos?:<\/strong><br>&nbsp;&nbsp;&nbsp;&nbsp;&nbsp;&nbsp; &#8211; Clientes: Si Vd. se ha registrado en nuestra web como cliente, o ha realizado una compra sin registro, usaremos sus datos para:<br>&nbsp;&nbsp;&nbsp;&nbsp;&nbsp;&nbsp;&nbsp;&nbsp;&nbsp;&nbsp;&nbsp; -Gestionar el servicio de venta online de nuestros vinos, incluida la gesti\u00f3n del env\u00edo al domicilio de entrega que Vd. nos indique.<br>&nbsp;&nbsp;&nbsp;&nbsp;&nbsp;&nbsp;&nbsp;&nbsp;&nbsp; -En caso de que, adem\u00e1s, acepte el env\u00edo de informaci\u00f3n comercial de nuestra empresa, usaremos su informaci\u00f3n para enviarle por medios electr\u00f3nicos nuestro bolet\u00edn informativo con informaci\u00f3n acerca de ofertas y actividades comerciales de nuestra empresa.<br>&nbsp;&nbsp;&nbsp;&nbsp;&nbsp;&nbsp; &#8211; Suscriptores de bolet\u00edn informativo: Si Vd. se ha registrado como suscriptor en nuestro bolet\u00edn informativo, usaremos su informaci\u00f3n con la finalidad de enviarle por medios electr\u00f3nicos nuestro bolet\u00edn informativo con informaci\u00f3n acerca de ofertas y actividades comerciales de nuestra empresa.<\/p>\n\n\n\n<p><strong>\u00bfDurante cu\u00e1nto tiempo conservamos sus datos?:<\/strong><br>&nbsp;&nbsp;&nbsp;&nbsp;&nbsp;&nbsp;&nbsp; &#8211; Le informamos que sus datos ser\u00e1n conservados:<br>&nbsp;&nbsp;&nbsp;&nbsp;&nbsp;&nbsp;&nbsp;&nbsp;&nbsp;&nbsp;&nbsp; &#8211; Clientes: Si Vd. se ha registrado en nuestra web como cliente, conservaremos sus datos durante:<br>&nbsp;&nbsp;&nbsp;&nbsp;&nbsp;&nbsp;&nbsp;&nbsp;&nbsp;&nbsp;&nbsp;&nbsp;&nbsp; &#8211; Cinco a\u00f1os desde su registro, o bien, desde su \u00faltimo pedido.<br>&nbsp;&nbsp;&nbsp;&nbsp;&nbsp;&nbsp;&nbsp;&nbsp;&nbsp;&nbsp;&nbsp;&nbsp;&nbsp; &#8211; En caso de que, adem\u00e1s, acepte el env\u00edo de informaci\u00f3n de nuestra empresa durante el proceso de registro, guardaremos y usaremos su direcci\u00f3n de correo electr\u00f3nico para el env\u00edo del bolet\u00edn informativo hasta que Vd. manifieste su negativa a recibir la informaci\u00f3n.<br>&nbsp;&nbsp;&nbsp;&nbsp;&nbsp;&nbsp;&nbsp;&nbsp;&nbsp;&nbsp;&nbsp; &#8211; Suscriptores de bolet\u00edn informativo: Si Vd. se ha registrado como suscriptor en nuestro bolet\u00edn informativo, guardaremos y usaremos su direcci\u00f3n de correo electr\u00f3nico para el env\u00edo del bolet\u00edn informativo hasta que Vd. manifieste su negativa a recibir la informaci\u00f3n.<\/p>\n\n\n\n<p><strong>\u00bfEn qu\u00e9 basamos la legitimidad para tratar sus datos?:<\/strong><br>&nbsp;&nbsp;&nbsp;&nbsp;&nbsp;&nbsp;&nbsp; &#8211; Clientes: Si Vd. se ha registrado en nuestra web como cliente:<br>&nbsp;&nbsp;&nbsp;&nbsp;&nbsp;&nbsp;&nbsp;&nbsp;&nbsp;&nbsp;&nbsp; -Basamos la legitimidad para el tratamiento de sus datos en el inter\u00e9s leg\u00edtimo de nuestra empresa fundado en su registro como cliente y en la posible relaci\u00f3n comercial que nos une.<br>&nbsp;&nbsp;&nbsp;&nbsp;&nbsp;&nbsp;&nbsp;&nbsp;&nbsp;&nbsp;&nbsp; -En caso de que, adem\u00e1s, acepte el env\u00edo de informaci\u00f3n de nuestra empresa durante el proceso de registro, basamos la legitimidad para el tratamiento de sus datos en el consentimiento que Vd. ha prestado durante el proceso de registro.<br>&nbsp;&nbsp;&nbsp;&nbsp;&nbsp;&nbsp;&nbsp; &#8211; Suscriptores de bolet\u00edn informativo: Si Vd. se ha registrado como suscriptor en nuestro bolet\u00edn informativo, basamos la legitimidad para el tratamiento de sus datos en el consentimiento que Vd. ha prestado.<\/p>\n\n\n\n<p><strong>\u00bfQui\u00e9n podr\u00e1 acceder a sus datos?:<\/strong><br>&nbsp;&nbsp;&nbsp;&nbsp;&nbsp;&nbsp;&nbsp; &#8211; La informaci\u00f3n facilitada y\/o el resultado de su tratamiento tiene como destinatarios<br>&nbsp;&nbsp;&nbsp;&nbsp;&nbsp;&nbsp;&nbsp;&nbsp;&nbsp;&nbsp;&nbsp; -Los profesionales de Ram\u00f3n S\u00e1enz, organic wines &amp; vineyards encargados de llevar a cabo las funciones para las cuales fueron recabados los datos.<br>&nbsp;&nbsp;&nbsp;&nbsp;&nbsp;&nbsp;&nbsp;&nbsp;&nbsp;&nbsp; -Entidades directamente relacionadas con Ram\u00f3n S\u00e1enz, organic wines &amp; vineyards con el \u00fanico objetivo de poder hacer efectiva la prestaci\u00f3n del servicio tales como empresas de mensajer\u00eda.<\/p>\n\n\n\n<p><strong>\u00bfQu\u00e9 derechos tiene respecto a sus datos?:<\/strong><br>&nbsp;&nbsp;&nbsp;&nbsp;&nbsp;&nbsp; &#8211; Le informamos que, de acuerdo con la normativa en materia de protecci\u00f3n de datos, puede Vd. solicitar a Ram\u00f3n S\u00e1enz, organic wines &amp; vineyards sus derechos respecto de sus datos personales de:<br>&nbsp;&nbsp;&nbsp;&nbsp;&nbsp;&nbsp;&nbsp;&nbsp;&nbsp;&nbsp;&nbsp; &#8211; Acceso.<br>&nbsp;&nbsp;&nbsp;&nbsp;&nbsp;&nbsp;&nbsp;&nbsp;&nbsp;&nbsp;&nbsp; &#8211; Rectificaci\u00f3n o supresi\u00f3n.<br>&nbsp;&nbsp;&nbsp;&nbsp;&nbsp;&nbsp;&nbsp;&nbsp;&nbsp;&nbsp;&nbsp; &#8211; Limitaci\u00f3n de su tratamiento.<br>&nbsp;&nbsp;&nbsp;&nbsp;&nbsp;&nbsp;&nbsp;&nbsp;&nbsp;&nbsp;&nbsp; &#8211; Oposici\u00f3n.<br>&nbsp;&nbsp;&nbsp;&nbsp;&nbsp;&nbsp;&nbsp;&nbsp;&nbsp;&nbsp;&nbsp; &#8211; Portabilidad.<br>&nbsp;&nbsp;&nbsp;&nbsp;&nbsp;&nbsp;&nbsp;&nbsp;&nbsp;&nbsp;&nbsp; &#8211; Retirar el consentimiento prestado para el tratamiento de sus datos<br>&nbsp;&nbsp;&nbsp; &#8211; Para ejercer los derechos mencionados, puede dirigir una solicitud por escrito, adjuntando copia de su DNI, al email bodegasrs@hotmail.com.<br>&nbsp;&nbsp;&nbsp;&nbsp;&nbsp;&nbsp; &#8211; Asimismo, si considera que sus datos han sido tratados de forma inadecuada, podr\u00e1 dirigirse a la Autoridad de Control competente para presentar la reclamaci\u00f3n que considere oportuna: Agencia Espa\u00f1ola de Protecci\u00f3n de Datos (C\/ Jorge Juan, 6. 28001 \u2013 Madrid www.agpd.es).<\/p>\n","protected":false},"excerpt":{"rendered":"<p>TRATAMIENTOS DE DATOS PERSONALES La direcci\u00f3n de nuestra web es: https:\/\/bodegasramonsaenz.com\/latienda. Comentarios La presente Pol\u00edtica de Privacidad establece los t\u00e9rminos en que el propietario de esta web usa y protege la informaci\u00f3n que es proporcionada por sus usuarios al momento de utilizar su sitio web. Esta compa\u00f1\u00eda est\u00e1 comprometida con la seguridad de los datos [&hellip;]<\/p>\n","protected":false},"author":1,"featured_media":0,"parent":0,"menu_order":0,"comment_status":"closed","ping_status":"closed","template":"","meta":{"footnotes":""},"class_list":["post-3","page","type-page","status-publish","hentry"],"_links":{"self":[{"href":"https:\/\/bodegasramonsaenz.com\/latienda\/wp-json\/wp\/v2\/pages\/3","targetHints":{"allow":["GET"]}}],"collection":[{"href":"https:\/\/bodegasramonsaenz.com\/latienda\/wp-json\/wp\/v2\/pages"}],"about":[{"href":"https:\/\/bodegasramonsaenz.com\/latienda\/wp-json\/wp\/v2\/types\/page"}],"author":[{"embeddable":true,"href":"https:\/\/bodegasramonsaenz.com\/latienda\/wp-json\/wp\/v2\/users\/1"}],"replies":[{"embeddable":true,"href":"https:\/\/bodegasramonsaenz.com\/latienda\/wp-json\/wp\/v2\/comments?post=3"}],"version-history":[{"count":3,"href":"https:\/\/bodegasramonsaenz.com\/latienda\/wp-json\/wp\/v2\/pages\/3\/revisions"}],"predecessor-version":[{"id":50,"href":"https:\/\/bodegasramonsaenz.com\/latienda\/wp-json\/wp\/v2\/pages\/3\/revisions\/50"}],"wp:attachment":[{"href":"https:\/\/bodegasramonsaenz.com\/latienda\/wp-json\/wp\/v2\/media?parent=3"}],"curies":[{"name":"wp","href":"https:\/\/api.w.org\/{rel}","templated":true}]}}